{"id":350,"date":"2025-12-06T20:21:39","date_gmt":"2025-12-06T20:21:39","guid":{"rendered":"https:\/\/meniu.bowling-galati.ro\/?post_type=product&#038;p=350"},"modified":"2025-12-09T13:59:03","modified_gmt":"2025-12-09T13:59:03","slug":"lava-cake-cu-inghetata-210gr","status":"publish","type":"product","link":"https:\/\/meniu.bowling-galati.ro\/index.php\/product\/lava-cake-cu-inghetata-210gr\/","title":{"rendered":"Lava cake cu \u00eenghe\u021bat\u0103 210gr"},"content":{"rendered":"<p>Lava cake 90gr: ou\u0103, ciocolat\u0103 21,5%, zah\u0103r, unt, ap\u0103,<br \/>\nf\u0103in\u0103 de gr\u00e2u, pudr\u0103 de cacao 1,5%, pudr\u0103 de lactoz\u0103.<br \/>\n\u00cenghe\u021bat\u0103 cu arom\u0103 de vanilie 120gr: ap\u0103, zah\u0103r,<br \/>\ngr\u0103simi vegetale de cocos, zer pudr\u0103, maltodextrin\u0103<br \/>\nde tapioca, emulsificator, stabilizator, aroma de<br \/>\nvanilie, colorant.<br \/>\nDeclara\u021bie nutri\u021bional\u0103 per 100gr: valoare<br \/>\nenergetic\u0103 761kj\/182kcal, gr\u0103simi 10,65gr (acizi gra\u0219i<br \/>\nsatura\u021bi 10,12gr), glucide 20,92gr (zaharuri 16,4gr),<br \/>\nproteine 0,65gr, sare 0,12gr.<\/p>\n","protected":false},"excerpt":{"rendered":"<p>Lava cake 90gr: ou\u0103, ciocolat\u0103 21,5%, zah\u0103r, unt, ap\u0103, f\u0103in\u0103 de gr\u00e2u, pudr\u0103 de cacao 1,5%, pudr\u0103 de lactoz\u0103. \u00cenghe\u021bat\u0103 cu arom\u0103 de vanilie 120gr: ap\u0103, zah\u0103r, gr\u0103simi vegetale de cocos, zer pudr\u0103, maltodextrin\u0103 de tapioca, emulsificator, stabilizator, aroma de vanilie, colorant. Declara\u021bie nutri\u021bional\u0103 per 100gr: valoare energetic\u0103 761kj\/182kcal, gr\u0103simi 10,65gr (acizi gra\u0219i satura\u021bi 10,12gr), [&hellip;]<\/p>\n","protected":false},"featured_media":383,"comment_status":"open","ping_status":"closed","template":"","meta":[],"product_brand":[],"product_cat":[39],"product_tag":[],"class_list":{"0":"post-350","1":"product","2":"type-product","3":"status-publish","4":"has-post-thumbnail","6":"product_cat-diverse","8":"first","9":"instock","10":"shipping-taxable","11":"purchasable","12":"product-type-simple"},"_links":{"self":[{"href":"https:\/\/meniu.bowling-galati.ro\/index.php\/wp-json\/wp\/v2\/product\/350","targetHints":{"allow":["GET"]}}],"collection":[{"href":"https:\/\/meniu.bowling-galati.ro\/index.php\/wp-json\/wp\/v2\/product"}],"about":[{"href":"https:\/\/meniu.bowling-galati.ro\/index.php\/wp-json\/wp\/v2\/types\/product"}],"replies":[{"embeddable":true,"href":"https:\/\/meniu.bowling-galati.ro\/index.php\/wp-json\/wp\/v2\/comments?post=350"}],"wp:featuredmedia":[{"embeddable":true,"href":"https:\/\/meniu.bowling-galati.ro\/index.php\/wp-json\/wp\/v2\/media\/383"}],"wp:attachment":[{"href":"https:\/\/meniu.bowling-galati.ro\/index.php\/wp-json\/wp\/v2\/media?parent=350"}],"wp:term":[{"taxonomy":"product_brand","embeddable":true,"href":"https:\/\/meniu.bowling-galati.ro\/index.php\/wp-json\/wp\/v2\/product_brand?post=350"},{"taxonomy":"product_cat","embeddable":true,"href":"https:\/\/meniu.bowling-galati.ro\/index.php\/wp-json\/wp\/v2\/product_cat?post=350"},{"taxonomy":"product_tag","embeddable":true,"href":"https:\/\/meniu.bowling-galati.ro\/index.php\/wp-json\/wp\/v2\/product_tag?post=350"}],"curies":[{"name":"wp","href":"https:\/\/api.w.org\/{rel}","templated":true}]}}